*t. What is the greatest common factor of g and 24?
8
Let o = -188 + 321. Suppose o = 4*x - f, -x + 4*f - 9 = -46. Suppose -4*n + 39 = -x. What is the greatest common factor of 198 and n?
18
Let s(p) = 57*p**2 - 52*p**2 - p - p - 14 + 5*p. Let z be s(3). Calculate the greatest common divisor of z and 32.
8
Suppose 0 = -5*f + 20, 3*f + 36 = -4*u - 0*f. Let j(m) = m**3 + 13*m**2 + 12*m + 12. Let k be j(u). Calculate the highest common factor of k and 3.
3
Suppose -733 = -5*m - 93. Let k be (-1)/(-2) + (-650)/(-4). Suppose 4*y - k = -35. Calculate the highest common factor of m and y.
32
Let s(j) = 7*j - 6. Let u be s(4). Let n = -245 + 248. Suppose -u = n*f - 166. What is the highest common factor of f and 24?
24
Let k = 9 - 5. Suppose -t = k*f - 4*t + 15, 2*f = -4*t + 20. Suppose f = 2*q - 4*q + 76. What is the greatest common divisor of q and 19?
19
Let v = 235 + -136. Calculate the highest common factor of v and 33.
33
Suppose -2*w = -13*a + 12*a - 1503, 0 = -5*a - 15. What is the greatest common divisor of w and 90?
30
Suppose -3*p - 48 = -5*q, 0 = -4*q - 38*p + 34*p + 64. Calculate the greatest common divisor of 8 and q.
4
Let v be (-2 - (-1 - -1))/1. Let s(b) = -b**3 + 9*b**2 + 5*b - 5. Let q be s(6). Let o be (q/v)/((-3)/6). Calculate the greatest common factor of o and 19.
19
Suppose -437 = -4*z - 5*s - 170, 0 = 4*z + 3*s - 261. Suppose 0 = -68*o + z*o + 120. Calculate the greatest common divisor of o and 6.
6
Let j be 82 - (3/3 + -3). Suppose -u - 4*u + 20 = 0. Suppose -10*b + j = -u*b. What is the greatest common factor of 21 and b?
7
Suppose 149 + 181 = 5*g. Suppose -5*r - 6 + g = 0. What is the highest common divisor of 3 and r?
3
Let p be (5*-4)/((-6)/(-72)*-3). Calculate the highest common factor of 20 and p.
20
Suppose -5*m - i + 2429 = 0, -3*i - 1489 = -5*m + 924. Calculate the highest common divisor of m and 194.
97
Suppose -3*n - 28*u + 27*u = -10325, 0 = -4*n + 4*u + 13788. Calculate the highest common divisor of 11 and n.
11
Let z be (-8)/(-6 + -2)*(-16)/(-1). Calculate the highest common factor of z and 32.
16
Suppose -15*o + 555 = -345. Calculate the greatest common factor of o and 36.
12
Suppose 5670 = 31*w + 11*w. What is the greatest common divisor of 315 and w?
45
Let k = -83 + 208. Suppose -317 = -4*c + 3*f, 4*f - k - 17 = -2*c. What is the greatest common factor of c and 7?
7
Suppose -2*x + 1 + 3 = 0. Suppose 0 = -x*w - 4*q + 22, -2*q + 18 + 7 = 3*w. Suppose -4*u + 202 - 62 = 0. Calculate the greatest common factor of w and u.
7
Let a(g) = g**3 - 11*g**2 + 14*g + 8. Let y be a(14). Calculate the greatest common factor of 216 and y.
72
Let l(w) = 86*w**2 - 2*w - 2. Let f be l(1). What is the greatest common factor of 2 and f?
2
Let p be (1 - 5)*((-45)/(-10))/(-9). Suppose 3*l + 2*t = p*l, -2*t + 16 = 3*l. What is the greatest common factor of l and 28?
4
Let a(m) = -m**3 + 7*m**2 + 2*m + 1. Let q be a(7). Let r = 98 + -38. What is the greatest common divisor of q and r?
15
Suppose -5*b - 102 = 2*t + 14, -3*t = 3*b + 174. Let k = 113 - t. Let a(r) = 10*r - 1. Let i be a(2). What is the highest common factor of i and k?
19
Suppose -4*u + 2*p = -40, 7*u - 3*p = 5*u + 12. What is the greatest common divisor of u and 228?
12
Let q = 31 + -20. Let s be (-79)/q + (-6)/(-33). Let r = s + 16. What is the greatest common divisor of r and 81?
9
Let k(h) = -5*h - 3. Let y be k(-2). Let g(c) = -3*c - 2. Let d be g(-17). What is the highest common factor of y and d?
7
Let u(q) = q + 3. Let m(b) = -3*b**2 + 3*b - 2. Let p be m(2). Let c be u(p). Let o = 5 - c. Calculate the greatest common factor of o and 25.
5
Suppose -4*t + h = -19, -t + h + 3 = -h. Let l = -7 - -10. Suppose l*y = 65 + 55. What is the greatest common divisor of y and t?
5
Suppose 2*p - 56 = -b, -5*p + 0*p - 280 = -5*b. Suppose -76 = -3*y + 5*l, b = -0*y + 2*y - 2*l. What is the highest common factor of 32 and y?
32
Suppose 0 = -5*x + 20 - 0. Suppose -w - 4*z = z - 17, -x*z - 230 = -5*w. Let c = 358 + -253. What is the greatest common divisor of c and w?
21
Let z = -58 + 18. Let f = -36 - z. Let l = -14 - -30. Calculate the greatest common factor of f and l.
4
Let l(g) = 1 + 2*g**2 + g**2 + 3*g**2. Let n be -3*(1 - (-6)/(-3)). Let t be l(n). What is the highest common divisor of t and 11?
11
Let x be (1/1 + 5)/1. Let q be 9/6*16/x. Suppose 0 = -3*l - 2*l - 3*i + 245, q*l + 2*i = 196. Calculate the highest common divisor of l and 7.
7
Let l = -401 + 429. Let b(m) = m**3 + 5*m**2 - 7*m - 9. Let r be b(-6). Let p be 11/3 + r/(-9). What is the greatest common divisor of l and p?
4
Suppose 13*z - 12*z - 1 = 0. Calculate the highest common divisor of 11 and z.
1
Let c(b) = -13*b - 434. Let a be c(-38). Calculate the highest common factor of a and 1500.
60
Let f(k) = k**2 - 10*k - 96. Let o be f(-22). Calculate the greatest common factor of o and 96.
32
Let t(q) = -6. Let w(f) = f - 13. Let v(z) = -5*t(z) + 3*w(z). Suppose 472 - 528 = -7*c. Let g be v(c). What is the greatest common divisor of g and 45?
15
Suppose -32 + 4 = -2*j. Let a(h) = 2*h**2 + 6*h - 10. Let o be (0/4 + 1)*-8. Let v be a(o). What is the highest common factor of v and j?
14
Suppose 20 = 3*i + i, -2*x = -i - 49. What is the greatest common divisor of x and 1?
1
Suppose 60*y - 7960 - 30440 = 0. Calculate the highest common divisor of 200 and y.
40
Let d = -19 + 22. Suppose 0*w - 5*w - 2*k = -212, d*k + 100 = 2*w. What is the greatest common factor of 220 and w?
44
Let n = -96 + 22. Let p = -50 - n. Let x be 130/8 - (-6)/(-24). What is the highest common divisor of p and x?
8
Let i(m) = -m**3 + 8*m**2 + 13*m - 3. Let a be i(9). Suppose 3*s + 8 = 4*s. Let j be s*(-3 + 69/12). Calculate the highest common factor of a and j.
11
Let t be (6/21)/(4/56). Let a be (t + -4 + 2)*4. Suppose -2*d + 1 + 15 = 0. Calculate the greatest common divisor of a and d.
8
Let c = -101 - -104. Suppose 0 = 2*r + c*d - 42, 3*r = -4*d + 12 + 53. What is the greatest common factor of r and 135?
27
Let c = 236 - 218. Let r(f) = -2*f**2 - 2. Let s(z) = -5*z**2 - 7. Let o(b) = -7*r(b) + 2*s(b). Let n be o(-3). What is the highest common divisor of n and c?
18
Suppose 5*z = 269 + 41. Suppose 313 = 2*y + 3*w, -12*y = -9*y + 4*w - 469. What is the greatest common divisor of z and y?
31
Let r be ((-36)/(-20))/(3/5). Calculate the highest common divisor of 4 and r.
1
Let t = -891 - -1188. Let u(a) = -a**3 + 9*a**2 - 9*a - 8. Let f be u(7). Calculate the highest common factor of t and f.
27
Let p(h) = -3 + 38*h + 7*h - 10*h - 1. Let x(q) = 17*q - 2. Let l(z) = 6*p(z) - 13*x(z). Let k be l(-10). Calculate the greatest common divisor of 14 and k.
14
Let g(b) = -b**2 + 10*b + 15. Let q be g(12). Let j be q/(-6)*8/6. Suppose 0 = -4*r + p + 108, -p = j*p. Calculate the greatest common divisor of r and 9.
9
Let s(t) = -t**3 - 2*t**2 + 2*t + 2. Let v be s(-1). Let k = v + 6. Suppose -k*y - 22 = -7*y. Calculate the highest common factor of 55 and y.
11
Let i be ((-16)/30*-6)/((-166)/(-7055)). Calculate the highest common divisor of 56 and i.
8
Let p = 126 + -22. Let x(y) = -12*y - 9 - y**2 + 6 + 2*y. Let i be x(-8). Calculate the highest common factor of i and p.
13
Let v = -25 + 25. Suppose v = -m - 12 + 13. Let n = 22 - m. What is the highest common factor of n and 21?
21
Let i(u) = -u**2 - 9*u - 1. Let n be i(-6). Suppose d - 55 - 17 = -v, -5*v + 352 = 3*d. What is the highest common factor of n and v?
17
Suppose 3*a - 7 = 2. Let t(x) = -5*x**2 - 72*x - 16. Let k be t(-14). What is the highest common factor of a and k?
3
Let i be 580074/4136 + (-38)/(-8). Suppose 9 = 5*y - 16, 4*y = -u + 49. Calculate the greatest common divisor of i and u.
29
Suppose 20 = -5*y, 0 = -2*l + 8*y - 3*y + 218. What is the greatest common divisor of 11 and l?
11
Let c = -7 + -2. Let s = -9 - c. Suppose s = -2*n - 0*n + 6. What is the highest common factor of 15 and n?
3
Let c(k) = k**3 - 11*k**2 + 11*k - 14. Let q be c(10). Let t = q - -1. Let o be (14/(-2))/(-4 - t). Calculate the highest common divisor of 28 and o.
7
Let x be 2/(-14) - 729/(-7). Suppose 7*w = w + 78. What is the greatest common divisor of w and x?
13
Let a(g) = -10*g - 49. Let m(k) = -5*k - 25. Let n(c) = 6*a(c) - 11*m(c). Let w be n(-15). Calculate the highest common factor of w and 140.
28
S